+ x + 44. Let k be z(0). Let i = k - -11. Is i a prime number?
False
Suppose 3*n - 7 + 29 = 5*q, 4*q - 28 = 5*n. Suppose 0 = 4*w - 3*m - 451, 0 = -w - w + q*m + 224. Is w a composite number?
True
Let t(f) = -2*f + 3. Let x be 1/2 - (-22)/(-4). Let n be t(x). Suppose 0 = -2*b - 4*c + 8, -7*b + 3*b = 5*c - n. Is b composite?
False
Suppose 3*x = 733 + 500. Is x prime?
False
Suppose 0 = y - 2*u - 9, -3*y - 2*y = -u - 36. Let r(k) = k**2 - 6*k - 4. Let q be r(y). Suppose f - q*f = -254. Is f composite?
False
Let f be (-922)/(-12) - (-2)/12. Let x = 142 - f. Is x prime?
False
Suppose 2*o + 14 + 2 = 0. Is (-522)/o + (-10)/40 prime?
False
Let j = -28 + 24. Is (j/10)/(9/(-7335)) a prime number?
False
Is 817/3*(0 - 3 - -6) a composite number?
True
Let k be -2 - (2 + 0 + -1). Is ((-174)/9*k)/1 composite?
True
Suppose -o + 2 = -1. Suppose -44 = q - o*q. Is q a composite number?
True
Suppose 4*n = 8, -4*a + 2*n + 48 + 108 = 0. Suppose -t + 15 = -a. Is t a prime number?
False
Suppose -k - 3 = -4*g, k - 15 = -5*g - 0. Suppose 31 + 191 = g*w. Is w prime?
False
Suppose 3*c + p - 6 = 0, c + 0*c - 4*p - 15 = 0. Let f be (265/3)/(c/(-9)). Is -3 + 1 + f/(-5) a prime number?
False
Is 45828/28 - 7/((-49)/2) a composite number?
False
Suppose -s + 162 = -4*s - 5*v, s + 44 = -5*v. Let x = s + 270. Is x prime?
True
Suppose f - 907 = -3*f - 5*l, 1124 = 5*f + 3*l. Is f composite?
False
Suppose 2*r - 18792 = -2*h, 0 = -5*r + r + 3*h + 37549. Is r a prime number?
True
Suppose 5*k = -2*h + 2 - 32, -2*h - 2*k = 18. Let c(l) = 44*l + 4. Let v(m) = -44*m - 5. Let y(d) = h*v(d) - 6*c(d). Is y(-2) composite?
False
Suppose 2578 + 2774 = 4*n. Suppose -5*c + n = 383. Is c composite?
False
Let i(v) = 3 - 4 + 44*v + 34*v + 0. Is i(1) prime?
False
Suppose 17 = -5*d + 2. Let q be 40/15 - 1/d. Is 55/(-2)*(1 - q) a composite number?
True
Suppose 433 + 794 = 3*t. Is t prime?
True
Let t(z) = -z**3 + z + 1291. Is t(0) composite?
False
Suppose 0 = 16*y - 5338 - 12438. Is y prime?
False
Is 17382/78 + 6/39 composite?
False
Let a = 23 - 21. Suppose -a*l + 633 = l. Is l a prime number?
True
Let a(q) = 123*q - 5. Is a(4) prime?
True
Let i(d) = 23*d**2 + d - 1. Is i(-2) composite?
False
Let k be 0*(-1 - (-1)/2). Suppose k = l - 2 - 23. Is l a composite number?
True
Suppose 0 = 4*y - x + 7, -3*y - 6 = -3*x + 2*x. Is (-485 - -18)*y/1 a prime number?
True
Let y(r) = 338*r**3 + r**2. Let n be y(-1). Let b = 475 + n. Suppose -8*t = -5*t - b. Is t composite?
True
Suppose -8*n - 4783 + 12039 = 0. Is n composite?
False
Suppose 4*g = 9252 + 560. Is g prime?
False
Let p be (-14)/(-63) - (-88)/9. Is (38/4)/(1/p) a prime number?
False
Suppose 1100 = 2*b - 336. Is b a prime number?
False
Suppose -5*r + 6*r = 5. Suppose 0*h - r*h + 40 = 5*v, -3*v - 21 = -2*h. Is h composite?
True
Let d(t) = -2*t**3 + t**2 + 2*t + 5. Let z be (16/(-10))/(18/45). Is d(z) a composite number?
True
Let b = 60 + -21. Suppose 5*v + 2*n = 120, n - b = -2*v + 8. Is v prime?
False
Suppose 3*c + 219 = 4*c. Is c a composite number?
True
Let w(g) = 1815*g**2 - 1. Is w(-1) a prime number?
False
Let k = 9 - 5. Suppose -k*p + 9 = -7. Is 6/p*(-3 + 7) a prime number?
False
Let q = -37 - -180. Is q composite?
True
Is (-1)/(2/4*(-8)/892) prime?
True
Let z = 82 + -33. Let a = 86 - z. Is a a prime number?
True
Let r(n) = -2*n**3 - 3*n**2 - n - 4. Let c be r(-6). Suppose 3*y + c = 2*p, -2*p + 2*y + 346 = 4*y. Is p a composite number?
True
Let x = -403 + 990. Is x a prime number?
True
Let n(k) = k + 7. Let h = 8 - 13. Let a be n(h). Is (2 - -2)/a - -161 a composite number?
False
Let d(t) = t - 1. Let l be d(6). Suppose -l*g + 3*b = 551 - 1854, 3*g = -4*b + 776. Suppose 5*c + g - 730 = 0. Is c a prime number?
False
Suppose -5*v + 3*q = -463, 5*v + 4*q - 206 = 3*v. Is v a composite number?
True
Suppose -2*u = -3 - 3, 0 = o - 3*u - 101. Suppose -o = -g - g. Is 1/(111/g - 2) prime?
False
Let l(i) = 6*i**2 + 1. Suppose -4*z - 2*n + 0 = -18, 0 = -3*z + 4*n - 14. Is l(z) composite?
True
Let f(b) = 49*b**2 + 3*b + 1. Let w be f(-3). Suppose 3*m - w + 172 = 0. Is m prime?
False
Let p(n) = 10*n**2 - 8*n + 1. Let q be (-3)/(-3 + 6) - -6. Is p(q) a prime number?
True
Suppose 0*v - 17 = -3*a + 2*v, -2 = 2*a - 4*v. Suppose a = -4*o + 65. Let m = o + 0. Is m composite?
True
Suppose -4*k = -0*k - 16. Suppose 4*p = 4*z + 12, p + k*p + 5*z = 25. Suppose 4*x - p*v = 132, -2*x - 2*v + 27 = -47. Is x a prime number?
False
Let z = -27 + 31. Suppose 0 = -4*d + k + 513, z*k = 2*d + 2*d - 528. Is d prime?
True
Let l(t) = -3*t**2 + 6*t + 10. Let m(j) = 6*j**2 - 11*j - 19. Let o(n) = 5*l(n) + 3*m(n). Is o(5) a composite number?
False
Let f be 4/6 + (-196)/(-21). Suppose -55 = -3*w - f. Is w composite?
True
Let f = -5 + 10. Suppose -d + 2*t = -87, f*d + t - 196 = 228. Is d prime?
False
Let r = -78 + 1157. Is r a composite number?
True
Let l(d) = -d**3 - 4*d**2 - 4*d - 1. Let m be l(-7). Let j = 293 - m. Is j composite?
True
Let l = 4 + -1. Let r(c) = c**2 - l*c - 3*c + 2*c - 10. Is r(9) a composite number?
True
Let c = -52 + 197. Suppose -c = -d + 36. Is d a composite number?
False
Let l = 200 + -138. Let d = l + -34. Let t = d + -15. Is t composite?
False
Let n(f) = -2*f. Let z be n(-1). Suppose -3*j = 0, 5*w - 2*j - 1055 = z*j. Is w a prime number?
True
Let p be (-7 - -6)/((-1)/(-618)). Is p/4*50/(-15) composite?
True
Suppose -r - 5*s = -658, -2*s = -3*r - 0*s + 2008. Suppose 4*w - r = -72. Is w prime?
True
Suppose -2 = -u - u. Let d(x) = 42*x - 1. Let i be d(u). Suppose -2*n + 4 = 0, b - 2*n = -5*n + i. Is b a composite number?
True
Let z = -224 - -400. Suppose -3*j - 289 = 3*f - j, -2*f - z = -2*j. Let l = f - -176. Is l a prime number?
True
Let t = 1746 - 719. Is t prime?
False
Suppose -5*b - 5*u = 0, 3*b - 5*u - 13 = 3. Let x(q) = 7*q**2 + 4*q - 3. Is x(b) a prime number?
False
Suppose 3*q = -0*q + 99. Is q - ((0 - 1) + 1) composite?
True
Let k(o) = 2*o**3 + o - 1. Let m be k(1). Suppose 190 = m*h - 62. Let s = 253 - h. Is s a prime number?
True
Let t(f) = 3*f + 3. Let d(z) = 7*z + 6. Let k(x) = -2*d(x) + 5*t(x). Let u be k(-3). Suppose -33 = -b - u*b. Is b a composite number?
True
Let n = -22 + 41. Let r = 12 - n. Let y = r + 14. Is y composite?
False
Let w = 140 + 1517. Is w prime?
True
Let c(x) = 65*x - 3. Let v(j) = -2*j**2 + 11*j + 8. Let f be v(6). Is c(f) prime?
True
Let z be 3/2*(0 - -2). Let p(g) = 10*g - 7. Is p(z) a prime number?
True
Let l = -9 - -6. Is (3/l - 0)*-22 prime?
False
Suppose 40 = -n + 5*n. Suppose 0 = -0*u + 5*u - n. Suppose -2*r + 580 = u*r. Is r a prime number?
False
Let q = 6540 + -2969. Is q a composite number?
False
Let l(c) = -c + 17. Let x be l(7). Is (-9)/15 - (-1416)/x prime?
False
Suppose -2*v + 58 = -90. Is v composite?
True
Let u(i) = i**2 + 3*i + 4. Let c = 15 - 21. Is u(c) a prime number?
False
Suppose 0*f = 2*f - 8. Suppose -3*x + 2*r - 136 = 4*r, -3*x - 146 = f*r. Let d = -5 - x. Is d a composite number?
False
Suppose -15 = -j + f, 0 = -3*j + 5*f + 39 + 6. Is j prime?
False
Let k be (1 - -5)*(-5)/(-15). Suppose -202 = -a - 5*n, 8*n = -k*a + 5*n + 411. Suppose -a = -4*h + h. Is h composite?
True
Let u(g) = 13*g - 4. Let w be u(6). Let a = 53 - w. Let l = 17 - a. Is l composite?
True
Suppose 0 = -4*v + 3*n + 542, v + 3*n = 7*n + 142. Is v a composite number?
True
Let p(d) = 5*d**2 - 9*d - 11. Is p(-6) composite?
False
Suppose 0 = -4*r - 1966 + 442. Let p = -90 - r. Is 1*2/(6/p) a composite number?
False
Let l(p) = -6*p - 3. Let k be l(-4). Let z = 1 + -1. Is k + (z - (0 - -2)) a prime number?
True
Let z be 19 - (1 - 1) - -1. Is ((-248)/(-10))/(8/z) a prime number?
False
Suppose 5*j + 3*m + 3 = 0, 0 = -3*m + 3 - 6. Let u(k) be the first derivative of -k**3/3 + 37*k + 5. Is u(j) a composite number?
False
Let r(j) = 15*j**3 - 2*j**2 + 7*j + 1. Is r(3) prime?
True
Let o(q) = q**3 - 8*q**2 + 5*q - 1. Let v be (-68)/8 + (-1)/(-2). Let b = v - -16. Is o(b) prime?
False
Let t(c) = -3*c - 1. Let j be t(2). Let i(g) = 7*g**2 - g + 1. Let a be i(j). Suppose 0 = -5*f + 574 + a. Is f prime?
False
Let i = 3629 - 2442. Is i composite?
False
Let m = 2 + -3. Let b be -7 - (3 - 0)*m. Is (-2 - -135)*b/(-4) prime?
False
Let y(n) = n**3 - 19*n**2 + 46*n + 41. Is y(20) a composite number?
False
Let u be (1 - 2)/((-8)/104). Is u*(164/4 + 0) composite?
T